 -52 = 3*h + 4*p - 17. Is s(h) a prime number?
True
Suppose m + 266 - 967 = 0. Is m prime?
True
Suppose 6206 + 2406 = 4*n. Is n a prime number?
True
Suppose -2*l + 3 = -3. Suppose -5*n + 26 = -l*v, -v + n = -3*v - 26. Let t = 25 + v. Is t composite?
False
Let u(z) = 2*z. Let i be u(1). Let c = 5 + 0. Suppose 5*n + 13 = i*k + 83, -c*k + 14 = n. Is n composite?
True
Suppose 451 + 26 = 3*z. Let r be 225 + 1 + -4 + 2. Let j = r - z. Is j a composite number?
True
Is 2 + (-26756)/(-12) + (-2)/3 a prime number?
False
Suppose -2*d + 15 = -k, -2*d + 5*k + 11 = -24. Suppose -5*x - 49 = 4*a, 0 = 4*a - d*x + 54 + 25. Let s = 23 + a. Is s composite?
False
Let q = 6 - 1. Suppose -4*v + 156 = 4*n, -5*n + 4*n - 165 = -q*v. Is v prime?
False
Suppose 0 = 5*y + 15, -f = f + 4*y - 18. Let b = f - -11. Is b a prime number?
False
Suppose 3*n = -2*n + 105. Suppose 3*q + 0*q + n = 0. Let m = q + 28. Is m a prime number?
False
Let a(q) = q**3 + 3*q**2 + 7*q + 6. Let u(s) = -s**3 - 2*s**2 - 6*s - 5. Let r(x) = -4*a(x) - 3*u(x). Is r(-6) a prime number?
False
Suppose 5*s - 1276 = 1114. Is s composite?
True
Let h(o) be the third derivative of 13*o**4/6 + o**3/2 + 2*o**2. Let i be h(3). Suppose 5*u - i = -4. Is u composite?
False
Let k = -125 + 22. Let p = -68 - k. Is p a prime number?
False
Let a = -14 - -16. Let n(q) = 0*q**3 + 0*q**3 + 18*q**3 + q**2 + 1. Is n(a) composite?
False
Let v be ((-120)/(-25))/(3/10). Suppose 14 = 3*c - v. Is c composite?
True
Let a(m) = -3488*m**3 + 3*m + 2. Is a(-1) composite?
True
Let g(o) = -909*o - 19. Is g(-2) prime?
False
Let f(u) = -1227*u - 12. Is f(-3) a composite number?
True
Let v = 865 - -5524. Is v prime?
True
Let h(i) = -i + 506. Let t be h(0). Suppose 2*m - t + 192 = 0. Is m a prime number?
True
Let w(j) = -j**3 + 2*j**2 + 4*j - 4. Let o be w(5). Let q = o - -142. Is q composite?
False
Let a be (-69 - (-4)/2)*-1. Let f = a + -30. Is f prime?
True
Let c(q) = 192*q - 5. Is c(2) a prime number?
True
Let w be (-306)/5*(-250)/(-15). Is w/(-3) + -1 + -2 prime?
True
Suppose 2*a + 59 = -93. Is (a/20)/((-3)/15) prime?
True
Suppose 5*w + 34 = -36. Let v = w + 45. Is v a prime number?
True
Let r(d) = d**3 + 9*d**2 + 9*d + 2. Let g be r(-8). Let a(o) = o**2 + 6*o + 3. Let q be a(g). Suppose -q*s + 43 - 10 = 0. Is s a composite number?
False
Let g(y) = y**2 + 4*y - 7. Is g(-7) composite?
True
Let t(n) = 5*n**3 + n**2 + n. Let d be t(-2). Let p = 63 + d. Is p composite?
True
Let x(r) = -32*r**3 - r**2 + 2*r - 1. Suppose 3 = -3*o + 4*u, 3*o + 3*u + 3 = 6*u. Let g(a) = -a**3. Let q(d) = o*x(d) - 3*g(d). Is q(1) composite?
True
Suppose 2*i + 8 = -4*z, -2*i - 7 = 2*z + z. Let y(p) = -31*p**3 + p**2 - p - 1. Is y(i) a prime number?
False
Let d(z) = 23*z - 1 - z**2 - 165*z**3 - 24*z + 0. Let t be d(-1). Suppose -t - 1 = -5*l. Is l prime?
False
Suppose 5*b - 19 = -2*o, b = o + 2*o - 3. Suppose 0 = -4*v + 3*d + 3154, o = -d - 0. Is v prime?
True
Let i be (2/4)/((-6)/(-12)). Is (-74)/(-2)*i/1 a prime number?
True
Suppose -4*j = -13 + 1. Suppose 4*x - 2*z = 82, 0*x - j*x = -5*z - 58. Is x composite?
True
Let b = 2 - 3. Suppose -2*n = 2*n - 192. Let h = n + b. Is h a prime number?
True
Let i = -52 + 139. Is i a composite number?
True
Suppose -3*k - r + 906 = 2*r, 5*r + 1560 = 5*k. Is k a prime number?
True
Let o = 1 + 4. Suppose -12 = 4*n, -61 = -o*b - 0*b + 2*n. Is b prime?
True
Is (1*2)/(5*(-6)/(-9525)) a prime number?
False
Let i be 2/(-6) + 13/3. Let p be 4 - 1 - i/4. Is 37/(3 + p + -4) a prime number?
True
Let o(k) be the third derivative of 0*k**4 + 0 + 1/60*k**5 + 0*k + k**2 + 1/2*k**3. Is o(-4) prime?
True
Let r(f) = 529*f**2 + 4*f + 4. Is r(-1) prime?
False
Let x = -3 - -6. Let t(b) = -b**3 - 2*b**2 - 4*b - 3. Let y be t(-2). Suppose 4*g - 28 = -4*m, 0 = x*m - 0*m + y*g - 17. Is m composite?
True
Let x be (-3)/6*4*-1. Suppose -4*z - 5*a + 224 = 0, -19 + 101 = x*z - 5*a. Is z a composite number?
True
Suppose -2*x - 4*s = -5*s - 3, -5*s - 15 = -x. Suppose 3*y = -x*y + 441. Suppose m - y = -2*m. Is m prime?
False
Suppose 21*c - 10595 = 16*c. Is c a prime number?
False
Suppose 2*o - 2 = 4*y - 20, 0 = -5*y - 3*o + 6. Suppose -758 = -y*b - 203. Is b composite?
True
Let a = -3 + 11. Suppose -a*f - 9 = -l - 4*f, 0 = -5*l - f - 18. Is -158*((-6)/(-4))/l prime?
True
Let i = 4 - 6. Let r(w) = 9*w**2 + 2*w + 3. Is r(i) a composite number?
True
Let j(w) = -5*w - w**2 - 3 + 0*w - 4*w**3 + 0. Let z be j(-3). Is ((-1)/(-3) + 0)*z prime?
True
Suppose 2*f + 2*t - 9916 = 4*t, -4*f - 4*t + 19872 = 0. Is f a composite number?
True
Is 19066*(2/(-4)*3 - -2) a prime number?
True
Let q(y) = -6*y + 6. Suppose 0 = 2*x - 0*x + 12. Let d be q(x). Suppose d = -p + 4*p. Is p a composite number?
True
Is (-7)/(3*(-4)/132) a prime number?
False
Let i(c) = -c**2 + 6*c - 3. Let n be i(7). Suppose -2*z - 3 = -p - 0, 0 = 2*p + 4*z + 2. Is (p - (-6)/n)*115 composite?
True
Let w(z) be the first derivative of -z**6/360 - 13*z**5/120 + 3*z**4/8 - 2*z**3/3 + 2. Let b(m) be the third derivative of w(m). Is b(-7) prime?
False
Let b be (3/3)/(-1) - -375. Suppose -g = 4*z - b, 5*z + 0*g + 5*g = 475. Is z a prime number?
False
Let x = -815 + 1149. Is x prime?
False
Let k = 340 + -234. Is k a prime number?
False
Let a be 316/(3*2/6). Suppose 15 = -n + a. Is n a prime number?
False
Let k = 417 + -122. Is k composite?
True
Let b = 45 - -47. Let v = b - 3. Is v prime?
True
Let x(l) = -3*l - 1. Let v be x(1). Let u be (-7)/v - 2/(-8). Let w(m) = 12*m**2 + 1. Is w(u) a composite number?
True
Let z(q) = 6*q**2 + 11. Is z(-11) prime?
False
Let l = -3 - 0. Let c(p) = -p**3 - p**2 - p - 1. Let g(i) = -2*i**3 - 1. Let a(h) = l*c(h) + 2*g(h). Is a(3) a composite number?
True
Let u(r) = -44*r**3 + 2*r**2 - 7*r - 4. Is u(-5) a prime number?
True
Let m be 10/(-4) + (-5)/10. Let z(s) = s**2 - 4*s + 1. Let c be z(3). Is (c/m)/((-2)/(-291)) prime?
True
Let m be (-4)/(-6)*6/4. Let t be -28*(m/4 - 2). Suppose -x + 4*g - 7 = -30, -2*g = 5*x - t. Is x prime?
True
Let w(o) = -54*o - 5. Let d(k) = k - 1. Let s be d(-5). Is w(s) composite?
True
Suppose -4*p + 2248 = -5*j, p + 2*p - 1686 = 4*j. Is p a prime number?
False
Let v(b) = b**3 + 5*b**2 - 7*b - 3. Let p be v(-6). Suppose 0 = 2*g + 4*m - 14, 0 = 2*g + m - 2 - p. Let o = g + 6. Is o prime?
True
Let a(n) = -3*n - 19. Let t be a(-8). Suppose 265 + 1405 = t*s. Is s a composite number?
True
Let k be (1 - -1)/((-2)/(-698)). Let a = 1261 - k. Is a a composite number?
False
Is (-4668)/(-10) - 9/(-45) prime?
True
Is (-2 - -4)/(2 + 1296/(-652)) a prime number?
True
Let f = -5077 - -9044. Is f composite?
False
Suppose 201 = 2*y + 67. Is y a prime number?
True
Let p(x) be the first derivative of 3 + 38/3*x**3 + x - x**2. Is p(1) a prime number?
True
Suppose 62 = -3*i - 2*b, 5*b + 105 = -5*i - 0*b. Let k = 54 + i. Is k composite?
True
Suppose -c = 2, -20 = -4*n + c + 338. Suppose -2*z - n = -3*x, 0 = 3*x + 3*z - 50 - 49. Is x composite?
False
Let x = 1 + -1. Is (x - 1) + 80 - 0 a prime number?
True
Let q(f) = -f**3 + 4*f**2 + 4*f + 236. Let d(u) = -u**2 - u. Let w(o) = 3*d(o) + q(o). Let y be w(0). Suppose -10 = 2*v - y. Is v a prime number?
True
Suppose -4*g + 5*r - r = -1264, -5*r + 1246 = 4*g. Is g composite?
True
Suppose 5*n - 9 = -k, -29 = -5*k - 5*n - 4. Suppose -k*b + 227 = 31. Is b prime?
False
Let h be (-4)/18 - 20/(-9). Suppose -z + h*z = -4, -2*a + 136 = -z. Suppose a = -0*d + 3*d. Is d a composite number?
True
Let x = -7 + 10. Suppose 0 = -5*j - l + 85, -j + 2*j + x*l = 31. Suppose -f - 3*f + j = 0. Is f prime?
False
Let l(y) be the third derivative of y**7/840 + y**6/360 - y**5/40 + y**4/6 - y**3/3 - y**2. Let q(o) be the first derivative of l(o). Is q(3) prime?
True
Let h be ((-21)/(-9) + -3)*-3. Let x(b) = -5*b + h*b**2 - b**2 - 2*b**2 + 2*b**2 + 11. Is x(8) composite?
True
Let n = 18 + -18. Suppose 0 = 3*j - 3 - 3, n = -4*u + 3*j + 806. Is u a prime number?
False
Let n(a) = -4*a**2 - 5*a + 4. Let r be n(5). Let i = 66 + -138. Let z = i - r. Is z prime?
False
Suppose 1760 = 2*r - 474. Is r prime?
True
Let v = 1278 + -859. Is v a prime number?
True
Suppose -49 = 5*r - 2*z, -2*z + 11 = -3*r - 20. Let h = r + 9. Suppose h = -5*q + 622 + 423. Is q a prime number?
False
Let h = 12 + -12. Suppose h = -a + 3*p - p + 563, 3*a - 4*p = 1683. Is a a prime numbe